{"id":768,"date":"2024-06-28T23:47:37","date_gmt":"2024-06-28T20:47:37","guid":{"rendered":"https:\/\/pimapentr.com\/?page_id=768"},"modified":"2024-06-28T23:47:37","modified_gmt":"2024-06-28T20:47:37","slug":"bostanci-pimapen-0532-540-5558","status":"publish","type":"page","link":"https:\/\/pimapentr.com\/index.php\/bostanci-pimapen-0532-540-5558\/","title":{"rendered":"Bostanc\u0131 Pimapen &#038; 0532 540 5558"},"content":{"rendered":"<h1>Bostanc\u0131 Pimapen &amp; 0532 540 5558<\/h1>\n<p>\u0130stanbul&#8217;un Bostanc\u0131 mahallesinde hizmet veren Bostanc\u0131 sineklik, pencere, cam balkon vs. pimapen montaj firmas\u0131 olan;<br \/>\nDenge m\u00fchendislik olarak bizler tecr\u00fcbe, bilgi ve birikimimizi t\u00fcm \u00e7al\u0131\u015fma ortaklar\u0131m\u0131z ve m\u00fc\u015fterilerimizin kat\u0131l\u0131mlar\u0131yla g\u00fcvenilir \u00e7al\u0131\u015fma ortam\u0131 yaratarak nice y\u0131llar devam ettirip 2024 y\u0131l\u0131 itibari ile 29. y\u0131l\u0131m\u0131z\u0131 kutlaman\u0131n sevinci i\u00e7erisindeyiz. Bu minvalde uzun soluklu i\u015f ortakl\u0131klar\u0131 ve birliktelikler yaratarak siz m\u00fc\u015fterimizin memnuniyetini en y\u00fcksek d\u00fczeyde tutmay\u0131 hedeflemekteyiz\u2026<\/p>\n<h2 style=\"text-align: center;\">Bostanc\u0131 Pencere, Sineklik &amp; 0532 540 5558<\/h2>\n<p style=\"text-align: center;\"><em><strong>Profesyonel ekip,<\/strong><\/em><\/p>\n<p style=\"text-align: center;\"><em><strong>Hassas \u00c7al\u0131\u015fma,<\/strong><\/em><\/p>\n<p style=\"text-align: center;\"><em><strong>\u00a0Kaliteli Malzeme,<\/strong><\/em><\/p>\n<p style=\"text-align: center;\"><em><strong>\u00dcst D\u00fczey G\u00fcvenlik,<\/strong><\/em><\/p>\n<p style=\"text-align: center;\">\u0130nsan \u00f6ncelikli tak\u0131m ruhu ilkemizle nice y\u0131llar \u00e7al\u0131\u015fmay\u0131 ama\u00e7lamaktay\u0131z..<br \/>\nBostanc\u0131 Denge M\u00fchendislik olarak sineklik ve pimapen ama\u00e7l\u0131 taleplerinize bir telefon kadar yak\u0131n\u0131z&#8230;<\/p>\n<p>&nbsp;<\/p>\n","protected":false},"excerpt":{"rendered":"<p>Bostanc\u0131 Pimapen &amp; 0532 540 5558 \u0130stanbul&#8217;un Bostanc\u0131 mahallesinde hizmet veren Bostanc\u0131 sineklik, pencere, cam balkon vs. pimapen montaj firmas\u0131 olan; Denge m\u00fchendislik olarak bizler tecr\u00fcbe, bilgi ve birikimimizi t\u00fcm \u00e7al\u0131\u015fma ortaklar\u0131m\u0131z ve m\u00fc\u015fterilerimizin kat\u0131l\u0131mlar\u0131yla g\u00fcvenilir \u00e7al\u0131\u015fma ortam\u0131 yaratarak nice y\u0131llar devam ettirip 2024 y\u0131l\u0131 itibari ile 29. y\u0131l\u0131m\u0131z\u0131 kutlaman\u0131n sevinci i\u00e7erisindeyiz. Bu minvalde uzun &#8230;<\/p>\n","protected":false},"author":2,"featured_media":769,"parent":0,"menu_order":0,"comment_status":"closed","ping_status":"closed","template":"","meta":{"footnotes":""},"class_list":["post-768","page","type-page","status-publish","has-post-thumbnail","hentry"],"_links":{"self":[{"href":"https:\/\/pimapentr.com\/index.php\/wp-json\/wp\/v2\/pages\/768","targetHints":{"allow":["GET"]}}],"collection":[{"href":"https:\/\/pimapentr.com\/index.php\/wp-json\/wp\/v2\/pages"}],"about":[{"href":"https:\/\/pimapentr.com\/index.php\/wp-json\/wp\/v2\/types\/page"}],"author":[{"embeddable":true,"href":"https:\/\/pimapentr.com\/index.php\/wp-json\/wp\/v2\/users\/2"}],"replies":[{"embeddable":true,"href":"https:\/\/pimapentr.com\/index.php\/wp-json\/wp\/v2\/comments?post=768"}],"version-history":[{"count":1,"href":"https:\/\/pimapentr.com\/index.php\/wp-json\/wp\/v2\/pages\/768\/revisions"}],"predecessor-version":[{"id":770,"href":"https:\/\/pimapentr.com\/index.php\/wp-json\/wp\/v2\/pages\/768\/revisions\/770"}],"wp:featuredmedia":[{"embeddable":true,"href":"https:\/\/pimapentr.com\/index.php\/wp-json\/wp\/v2\/media\/769"}],"wp:attachment":[{"href":"https:\/\/pimapentr.com\/index.php\/wp-json\/wp\/v2\/media?parent=768"}],"curies":[{"name":"wp","href":"https:\/\/api.w.org\/{rel}","templated":true}]}}