{"id":2047,"date":"2025-01-16T23:17:04","date_gmt":"2025-01-16T20:17:04","guid":{"rendered":"https:\/\/pimapentr.com\/?page_id=2047"},"modified":"2025-01-16T23:17:04","modified_gmt":"2025-01-16T20:17:04","slug":"tuzla-postahane-pimapen-0532-540-5558","status":"publish","type":"page","link":"https:\/\/pimapentr.com\/index.php\/tuzla-postahane-pimapen-0532-540-5558\/","title":{"rendered":"Tuzla-Postahane Pimapen &#038; 0532 540 5558"},"content":{"rendered":"<h1>Tuzla-Postahane Pimapen<\/h1>\n<p>Pimapen, geli\u015fen teknolojiyle birlikte evlerimiz i\u00e7in bir ihtiya\u00e7 haline geldi. So\u011fu\u011fu, nemi, ve sesi yal\u0131tan \u00e7ift cam teknolojisini evlerinize getirmeye haz\u0131r olunuz. Di\u011fer materyallerin aksine Pimapen, hafif, kolay temizlenebilir ve \u00f6m\u00fcrl\u00fck bir malzemedir. <strong>Postahane Pimapen<\/strong> olarak Kap\u0131 ve pencerelerinize takaca\u011f\u0131m\u0131z kaliteli Pimapen sayesinde \u0131s\u0131 yal\u0131t\u0131m\u0131 ihtiyac\u0131n\u0131z\u0131 gidermi\u015f olacaks\u0131n\u0131z.<\/p>\n<div class=\"flex-shrink-0 flex flex-col relative items-end\">\n<div class=\"pt-0\">\n<div class=\"gizmo-bot-avatar flex h-8 w-8 items-center justify-center overflow-hidden rounded-full\">\n<h2>Postahane Denge M\u00fchendislik<\/h2>\n<div class=\"relative p-1 rounded-sm flex items-center justify-center bg-token-main-surface-primary text-token-text-primary h-8 w-8\">\u0130stanbul&#8217;un Tuzla il\u00e7esinde <em>Postahane Denge M\u00fchendislik<\/em> olarak, sineklik, pergole, cam balkon, teras kaplama, panjur ve pimapen pencere montaj\u0131nda tecr\u00fcbeli bir firmay\u0131z.<\/div>\n<div><\/div>\n<div class=\"relative p-1 rounded-sm flex items-center justify-center bg-token-main-surface-primary text-token-text-primary h-8 w-8\">2025 y\u0131l\u0131 itibar\u0131 ile 30 y\u0131ll\u0131k deneyimimiz ile birlikte <strong>Postahane Pimapen<\/strong> olarak, bilgi birikimimizi ve tecr\u00fcbemizi m\u00fc\u015fterilerimiz ve i\u015f ortaklar\u0131m\u0131zla payla\u015farak g\u00fcvenli bir \u00e7al\u0131\u015fma ortam\u0131 olu\u015fturuyoruz. Uzun soluklu i\u015f birlikleri ve s\u00fcre\u011fen \u00e7\u00f6z\u00fcmler sunarak, m\u00fc\u015fteri memnuniyetini her zaman \u00f6n planda tutmak i\u00e7in elimizden geleni yap\u0131yoruz. 1. s\u0131n\u0131f hizmet anlay\u0131\u015f\u0131m\u0131zla sizlere en iyisini sunmaya durmadan devam ediyoruz.<\/div>\n<\/div>\n<\/div>\n<div><\/div>\n<div><\/div>\n<div style=\"text-align: center;\"><em>Postahane Denge M\u00fchendislik, ekibimizle \u00fccretsiz \u00f6l\u00e7\u00fc hizmeti sunuyoruz. <\/em><\/div>\n<div style=\"text-align: center;\"><em>Bize ula\u015fmak i\u00e7in 532 540 5558 numaras\u0131n\u0131 arayabilir veya WhatsApp \u00fczerinden mesaj atabilirsiniz.<\/em><\/div>\n<\/div>\n","protected":false},"excerpt":{"rendered":"<p>Tuzla-Postahane Pimapen Pimapen, geli\u015fen teknolojiyle birlikte evlerimiz i\u00e7in bir ihtiya\u00e7 haline geldi. So\u011fu\u011fu, nemi, ve sesi yal\u0131tan \u00e7ift cam teknolojisini evlerinize getirmeye haz\u0131r olunuz. Di\u011fer materyallerin aksine Pimapen, hafif, kolay temizlenebilir ve \u00f6m\u00fcrl\u00fck bir malzemedir. Postahane Pimapen olarak Kap\u0131 ve pencerelerinize takaca\u011f\u0131m\u0131z kaliteli Pimapen sayesinde \u0131s\u0131 yal\u0131t\u0131m\u0131 ihtiyac\u0131n\u0131z\u0131 gidermi\u015f olacaks\u0131n\u0131z. Postahane Denge M\u00fchendislik \u0130stanbul&#8217;un Tuzla &#8230;<\/p>\n","protected":false},"author":2,"featured_media":122,"parent":0,"menu_order":0,"comment_status":"closed","ping_status":"closed","template":"","meta":{"footnotes":""},"class_list":["post-2047","page","type-page","status-publish","has-post-thumbnail","hentry"],"_links":{"self":[{"href":"https:\/\/pimapentr.com\/index.php\/wp-json\/wp\/v2\/pages\/2047","targetHints":{"allow":["GET"]}}],"collection":[{"href":"https:\/\/pimapentr.com\/index.php\/wp-json\/wp\/v2\/pages"}],"about":[{"href":"https:\/\/pimapentr.com\/index.php\/wp-json\/wp\/v2\/types\/page"}],"author":[{"embeddable":true,"href":"https:\/\/pimapentr.com\/index.php\/wp-json\/wp\/v2\/users\/2"}],"replies":[{"embeddable":true,"href":"https:\/\/pimapentr.com\/index.php\/wp-json\/wp\/v2\/comments?post=2047"}],"version-history":[{"count":1,"href":"https:\/\/pimapentr.com\/index.php\/wp-json\/wp\/v2\/pages\/2047\/revisions"}],"predecessor-version":[{"id":2048,"href":"https:\/\/pimapentr.com\/index.php\/wp-json\/wp\/v2\/pages\/2047\/revisions\/2048"}],"wp:featuredmedia":[{"embeddable":true,"href":"https:\/\/pimapentr.com\/index.php\/wp-json\/wp\/v2\/media\/122"}],"wp:attachment":[{"href":"https:\/\/pimapentr.com\/index.php\/wp-json\/wp\/v2\/media?parent=2047"}],"curies":[{"name":"wp","href":"https:\/\/api.w.org\/{rel}","templated":true}]}}