{"id":1679,"date":"2024-08-19T00:08:18","date_gmt":"2024-08-18T21:08:18","guid":{"rendered":"https:\/\/pimapentr.com\/?page_id=1679"},"modified":"2024-08-19T00:08:18","modified_gmt":"2024-08-18T21:08:18","slug":"maltepe-esenkent-pimapen-0532-540-5558-2","status":"publish","type":"page","link":"https:\/\/pimapentr.com\/index.php\/maltepe-esenkent-pimapen-0532-540-5558-2\/","title":{"rendered":"Maltepe-Esenkent Pimapen &#038; 0532 540 5558"},"content":{"rendered":"<h2>Maltepe-Esenkent Pimapen &amp; 0532 540 5558<\/h2>\n<p>Pimapen, PVC (Polivinil Klor\u00fcr) malzemeden \u00fcretilen, dayan\u0131kl\u0131, yal\u0131t\u0131m \u00f6zellikleri y\u00fcksek olan pencere ve kap\u0131 sistemleridir. Pimapen, bir marka ad\u0131 olarak ba\u015flam\u0131\u015f olsa da zamanla bu terim, T\u00fcrkiye\u2019de yayg\u0131n bir \u015fekilde PVC pencere ve kap\u0131 sistemlerinin genel ad\u0131 olarak kullan\u0131lmaya ba\u015flanm\u0131\u015ft\u0131r. Pimapen pencereler, \u0131s\u0131 ve ses yal\u0131t\u0131m\u0131nda y\u00fcksek performans sunar, bu nedenle enerji verimlili\u011fini art\u0131rmak isteyen ev sahipleri taraf\u0131ndan tercih edilir. Ayr\u0131ca, PVC malzeme, hava ko\u015fullar\u0131na dayan\u0131kl\u0131d\u0131r, paslanmaz, \u00e7\u00fcr\u00fcmez ve uzun \u00f6m\u00fcrl\u00fcd\u00fcr. Pimapen, kolay temizlenebilir olmas\u0131, bak\u0131m gerektirmemesi ve \u00e7e\u015fitli renk se\u00e7enekleri sunmas\u0131yla da kullan\u0131c\u0131lar aras\u0131nda pop\u00fclerdir. \u00c7evre dostu \u00fcretim s\u00fcre\u00e7leri ve geri d\u00f6n\u00fc\u015ft\u00fcr\u00fclebilir malzemelerden yap\u0131lmas\u0131 da Pimapen sistemlerinin tercih edilme sebepleri aras\u0131nda yer al\u0131r.<\/p>\n<p>\u0130stanbul\u2019un Maltepe il\u00e7esinde Esenkent mahallesinde hizmet veren sineklik, pencere, cam balkon, pergole, teras kaplama, panjur ve pimapen montaj firmas\u0131 olan Denge M\u00fchendislik olarak bizler tecr\u00fcbe, bilgi ve birikimimizi t\u00fcm \u00e7al\u0131\u015fma ortaklar\u0131m\u0131z ve m\u00fc\u015fterilerimizin kat\u0131l\u0131mlar\u0131yla g\u00fcvenilir \u00e7al\u0131\u015fma ortam\u0131 yaratarak nice y\u0131llar devam ettirip 2024 y\u0131l\u0131 itibari ile 29. y\u0131l\u0131m\u0131z\u0131 kutlaman\u0131n sevinci i\u00e7erisindeyiz. Bu minvalde uzun soluklu i\u015f ortakl\u0131klar\u0131 ve birliktelikler yaratt\u0131k.<\/p>\n<p>Di\u011fer t\u00fcm Esenkent Pimapen firmalar\u0131n\u0131n aksine sizlere sundu\u011fumuz hizmetin sizler i\u00e7in tam memnuniyet olmas\u0131n\u0131 hedefliyoruz. Bu nedenle getirdi\u011fimiz hizmeti sizlere sunarken evinize zarar vermeden, arkam\u0131zda moloz y\u0131\u011f\u0131n\u0131 b\u0131rakmadan tamaml\u0131yoruz. 1994\u2019ten bu yana \u0130stanbul\u2019un \u00e7o\u011fu semtinde oldu\u011fu gibi Esenkent&#8217;de de hizmet vermekteyiz.<\/p>\n","protected":false},"excerpt":{"rendered":"<p>Maltepe-Esenkent Pimapen &amp; 0532 540 5558 Pimapen, PVC (Polivinil Klor\u00fcr) malzemeden \u00fcretilen, dayan\u0131kl\u0131, yal\u0131t\u0131m \u00f6zellikleri y\u00fcksek olan pencere ve kap\u0131 sistemleridir. Pimapen, bir marka ad\u0131 olarak ba\u015flam\u0131\u015f olsa da zamanla bu terim, T\u00fcrkiye\u2019de yayg\u0131n bir \u015fekilde PVC pencere ve kap\u0131 sistemlerinin genel ad\u0131 olarak kullan\u0131lmaya ba\u015flanm\u0131\u015ft\u0131r. Pimapen pencereler, \u0131s\u0131 ve ses yal\u0131t\u0131m\u0131nda y\u00fcksek performans sunar, &#8230;<\/p>\n","protected":false},"author":2,"featured_media":1447,"parent":0,"menu_order":0,"comment_status":"closed","ping_status":"closed","template":"","meta":{"footnotes":""},"class_list":["post-1679","page","type-page","status-publish","has-post-thumbnail","hentry"],"_links":{"self":[{"href":"https:\/\/pimapentr.com\/index.php\/wp-json\/wp\/v2\/pages\/1679","targetHints":{"allow":["GET"]}}],"collection":[{"href":"https:\/\/pimapentr.com\/index.php\/wp-json\/wp\/v2\/pages"}],"about":[{"href":"https:\/\/pimapentr.com\/index.php\/wp-json\/wp\/v2\/types\/page"}],"author":[{"embeddable":true,"href":"https:\/\/pimapentr.com\/index.php\/wp-json\/wp\/v2\/users\/2"}],"replies":[{"embeddable":true,"href":"https:\/\/pimapentr.com\/index.php\/wp-json\/wp\/v2\/comments?post=1679"}],"version-history":[{"count":1,"href":"https:\/\/pimapentr.com\/index.php\/wp-json\/wp\/v2\/pages\/1679\/revisions"}],"predecessor-version":[{"id":1680,"href":"https:\/\/pimapentr.com\/index.php\/wp-json\/wp\/v2\/pages\/1679\/revisions\/1680"}],"wp:featuredmedia":[{"embeddable":true,"href":"https:\/\/pimapentr.com\/index.php\/wp-json\/wp\/v2\/media\/1447"}],"wp:attachment":[{"href":"https:\/\/pimapentr.com\/index.php\/wp-json\/wp\/v2\/media?parent=1679"}],"curies":[{"name":"wp","href":"https:\/\/api.w.org\/{rel}","templated":true}]}}